
-5827c
In base 11, what is 62 + -415a241?
-415a18a
In base 14, what is -27a317 - 2?
-27a319
In base 15, what is 477a90a + 1?
477a90b
In base 11, what is -1009 + -199738?
-19a746
In base 13, what is 20cb - -777c?
987a
In base 16, what is 1f28 - db2f?
-bc07
In base 14, what is 5 + -985464?
-98545d
In base 4, what is -121133211302 - -11?
-121133211231
In base 10, what is -268203416 + 0?
-268203416
In base 12, what is -109866a - -6?
-1098664
In base 9, what is -73 - 365481?
-365564
In base 16, what is 107 - 22de?
-21d7
In base 7, what is 24441004 + 0?
24441004
In base 15, what is 3 - 1948d26?
-1948d23
In base 14, what is 3 - b479357?
-b479354
In base 3, what is -12021211222121 - -111?
-12021211222010
In base 11, what is 47a8250 - -2?
47a8252
In base 14, what is -6d3d + 91?
-6c8c
In base 14, what is -4 - -8d0c38?
8d0c34
In base 5, what is 212044 - -4410?
222004
In base 4, what is 110101122031312 + 0?
110101122031312
In base 2, what is -1000001001001 + 10011110101?
-101101010100
In base 9, what is 683742 - 10?
683732
In base 3, what is -10 + 12200021120121?
12200021120111
In base 9, what is 1773073 + 176?
1773260
In base 16, what is -1c52 - 1eeda?
-20b2c
In base 8, what is 444137443 - 5?
444137436
In base 3, what is 10000101220200220222 + -12?
10000101220200220210
In base 9, what is -2800 + 3826?
1026
In base 13, what is 5 - 28b5c49?
-28b5c44
In base 5, what is -10 - 11021223343?
-11021223403
In base 15, what is 3 + -10cbcc?
-10cbc9
In base 3, what is -100 + -202212012120?
-202212012220
In base 13, what is -5235b - 33?
-52391
In base 6, what is 351524 - 152?
351332
In base 16, what is -106 - 258d?
-2693
In base 2, what is 101 - -1010011101111100000100?
1010011101111100001001
In base 11, what is -16505735 + -2?
-16505737
In base 4, what is 3 - 23310130332122?
-23310130332113
In base 3, what is 1 + 1100020202211112?
1100020202211120
In base 9, what is -228474 + -160?
-228644
In base 14, what is -45 + 157c95?
157c50
In base 2, what is 1100001001010 - 10110000101?
1001011000101
In base 3, what is 1 + 11201011000222210?
11201011000222211
In base 3, what is -1220121002011001 + 11?
-1220121002010220
In base 4, what is 32120032031032 + 0?
32120032031032
In base 14, what is 2107060 + -35?
2107029
In base 9, what is -2 + 2487562?
2487560
In base 16, what is 25082bb - -3?
25082be
In base 6, what is -1314 + -235012?
-240330
In base 12, what is -a536218 - 2?
-a53621a
In base 11, what is 4873a888 - 2?
4873a886
In base 2, what is 111001100101 - 11101100011100?
-10110010110111
In base 8, what is 4 - -5544136?
5544142
In base 8, what is 22563 + 1315?
24100
In base 3, what is 1020022 - 1121102221?
-1120012122
In base 14, what is 9133 + 45?
9178
In base 8, what is 54010 - 3450?
50340
In base 9, what is 8 + -626336?
-626327
In base 16, what is 422674 + b?
42267f
In base 4, what is -1101 + -33220132011?
-33220133112
In base 7, what is 200 - 4356540?
-4356340
In base 2, what is 10 + -1011110111101010101011110?
-1011110111101010101011100
In base 10, what is -5348429 + -33?
-5348462
In base 12, what is a90111 - 2b?
a900a2
In base 13, what is -1016 - 23260?
-24276
In base 8, what is -426431 - -52?
-426357
In base 14, what is 199bc50 - -1?
199bc51
In base 15, what is 15eb134 + -9?
15eb12a
In base 10, what is 254446 - 8?
254438
In base 6, what is 120514111 - -1?
120514112
In base 10, what is -18439 - -2945?
-15494
In base 16, what is -f35576 + 6?
-f35570
In base 16, what is -65fa7 + -40?
-65fe7
In base 6, what is 1143044 - 24021?
1115023
In base 13, what is -a2 - 125ca?
-1269c
In base 6, what is -1441220312155 - -4?
-1441220312151
In base 9, what is -1814 + -711?
-2625
In base 2, what is 1101000110101011 + 1111000000001?
1110111110101100
In base 6, what is -255100 - -10543?
-244113
In base 2, what is 100 + 11110011010001111011010011?
11110011010001111011010111
In base 7, what is -1 - -405463636?
405463635
In base 2, what is 10 - 11010001111011001110?
-11010001111011001100
In base 9, what is -166076075 + 4?
-166076071
In base 7, what is -5436 - 152345?
-161114
In base 11, what is -4 - 121018a?
-1210193
In base 8, what is 1 - -2124475625?
2124475626
In base 3, what is -200011200 + 22022210?
-100211220
In base 8, what is -176 - 157526?
-157724
In base 14, what is -29c - 188b0?
-18b6c
In base 9, what is 545100 + -182?
544807
In base 7, what is -336555060 + 3?
-336555054
In base 8, what is 4 - -102261734?
102261740
In base 9, what is -2 - 12765361?
-12765363
In base 7, what is -3 + 210654512?
210654506
In base 7, what is 21400032112 - -2?
21400032114
In base 5, what is 1344301000 - -3?
1344301003
In base 15, what is -5 + 3aabee?
3aabe9
In base 10, what is 12973537 + 10?
12973547
In base 4, what is -13110312013302 + 3?
-13110312013233
In base 2, what is 1010101011111 + -1011110000?
1001001101111
In base 6, what is -3 + -23031015?
-23031022
In base 8, what is -330133076 + -4?
-330133102
In base 3, what is 111022011011 + 200?
111022011211
In base 12, what is 211 - 10370?
-1015b
In base 4, what is -12120103002 + 10211?
-12120032131
In base 12, what is 2a7523 - -91?
2a75b4
In base 2, what is 1010100011101110000001001 - 101?
1010100011101110000000100
In base 8, what is -5 - -10606140?
10606133
In base 7, what is -11430632 + -4?
-11430636
In base 7, what is 5 + -220234164?
-220234156
In base 10, what is -76983 - -776?
-76207
In base 10, what is 15 - -2363158?
2363173
In base 5, what is 441241214302 + -4?
441241214243
In base 14, what is 25a66 - -73c?
263a4
In base 11, what is 31532 - -358?
3188a
In base 2, what is 10111110110011010000 - 1011?
10111110110011000101
In base 10, what is -16118641 - 4?
-16118645
In base 5, what is 300110142 + 20?
300110212
In base 8, what is 103 - -2143102?
2143205
In base 12, what is 0 - 1a6b44?
-1a6b44
In base 2, what is 11100011110010001001000 + 111?
11100011110010001001111
In base 7, what is -10 - 203314642?
-203314652
In base 4, what is -1111022223 - 201?
-1111023030
In base 15, what is -1827a18 - -b?
-1827a0c
In base 9, what is -23257688 + -5?
-23257704
In base 2, what is -1111100 - 1100101110100?
-1100111110000
In base 10, what is 473460 - -173?
473633
In base 2, what is -11 + -11011000001101001100000110?
-11011000001101001100001001
In base 15, what is 2a08deb - 3?
2a08de8
In base 6, what is 22 - -240002452?
240002514
In base 2, what is 11000000111000111001100111001 - -11?
11000000111000111001100111100
In base 4, what is 21223 + -23001032?
-22313203
In base 5, what is 103010332014 + 23?
103010332042
In base 12, what is -5a4a5 - 2b?
-5a514
In base 10, what is -69 - -845863?
845794
In base 14, what is 474 + -bb2?
-73c
In base 10, what is -2 + -7590801?
-7590803
In base 5, what is 430 - -2014422?
2020402
In base 15, what is -8 - 17a3a65?
-17a3a6d
In base 16, what is 20aa + 1c2?
226c
In base 13, what is 10 + 823a9?
823b9
In base 9, what is 78 - -126880?
127068
In base 7, what is 22450416 - 45?
22450341
In base 4, what is 1 + 11322233013?
11322233020
In base 15, what is -7120b - 3?
-7120e
In base 12, what is 20367b39 + -2?
20367b37
In base 11, what is a724 + 17889?
27502
In base 3, what is -101 - -2211210220012102?
2211210220012001
In base 3, what is 2001110221200111 + -10?
2001110221200101
In base 4, what is 320203013 - -121?
320203200
In base 10, what is -36 + 1657905?
1657869
In base 6, what is 1114 - 4251154?
-4250040
In base 10, what is 23 + 5616151?
5616174
In base 11, what is 39870651 - 4?
39870648
In base 5, what is -4244433 + 304?
-4244124
In base 6, what is 5 - 3042342425?
-3042342420
In base 4, what is -30203120 - -1300?
-30201220
In base 7, what is 522 - 344553?
-344031
In base 8, what is 5333 - 472572?
-465237
In base 13, what is -a + 11c08a6?
11c0899
In base 9, what is -66552 + 10333?
-56218
In base 16, what is -363e + 94c?
-2cf2
In base 16, what is -51aa - -9c4f?
4aa5
In base 8, what is 45275512 - -2?
45275514
In base 5, what is 30411103 + -434?
30410114
In base 11, what is -a09 - -266406?
2654a8
In base 13, what is -76b3 - -5b24?
-188c
In base 16, what is c25e97 - 5?
c25e92
In base 13, what is 49901 - 1c4?
4970a
In base 7, what is 0 - -1202450203?
1202450203
In base 12, what is 5 - 56253?
-5624a
In base 5, what is 13110001 + -101?
13104400
In base 14, what is -2bbd949 - -8?
-2bbd941
In base 16, what is -28ab - -2cc2?
417
In base 10, wh